5*w + 5*k = -750. Calculate the remainder when w is divided by z.
38
Let g(l) = l**3 + l - 26 - 23*l**2 - 12*l - 29*l**2 + 57*l**2. What is the remainder when g(-5) is divided by 17?
12
What is the remainder when (-526)/3*(52/(-8) - (-10 - -11)) is divided by 102?
91
Let i(t) = 3*t**3 - 32*t**2 - 79*t - 21. What is the remainder when i(13) is divided by 69?
66
Suppose 3*m - 11 = -29. Let v be (-2 - 1/(-2))*32/m. Let y(c) = -c**3 + 7*c**2 + 10*c - 11. What is the remainder when 13 is divided by y(v)?
3
Suppose -3*k + 9 = 0, 4*t - 118 = -t + 4*k. Suppose i = -2*g - t - 47, -3*g - 122 = -i. Let j = 101 + g. What is the remainder when j is divided by 32?
30
Suppose -2*f + 4*v + 9 = -9, -5*f - 4*v + 59 = 0. Let o = f - -2. What is the remainder when 48 is divided by o?
9
Suppose -17*w + 9*w + 7181 = 159*w. What is the remainder when 3868 is divided by w?
41
Suppose 0 = 4*t + 12, 11*t + 41 = p + 6*t. Calculate the remainder when (6 + (-1002)/18)*-3 is divided by p.
19
Let c = -57 + 157. What is the remainder when 4 + 391 - (-1 + -2)*-1 is divided by c?
92
Suppose 2*v = 2*t + 19 - 7, v + 3*t = -10. Suppose -p - 92 = -i, 5*i = -v*p + 3*i - 200. Let a = -93 - p. What is the remainder when 5 is divided by a?
2
Let l be ((-32)/(-10) + 1)/(3/(-15)). Let a = -18 - l. Suppose 5*g = -o + 92, -5*o - 94 + a = -4*g. Calculate the remainder when g is divided by 5.
4
Suppose -65 + 56 = 3*d, c + 4*d + 5 = 0. Let u = -10 + 15. What is the remainder when c is divided by u?
2
Let p(y) = -3*y**2 + 19. Let i be p(-5). Let s = -51 - i. Suppose 0 = -s*q + 4*h + 111, -32 = -5*q - 4*h + 47. What is the remainder when 33 is divided by q?
14
Let h be (24/(-7))/(56/1764). Calculate the remainder when 0 - ((0 - 2) + -38) is divided by (h/(-30))/(-2 + 46/20).
4
Let y = 27233 - 27220. What is the remainder when 218 is divided by y?
10
Calculate the remainder when 217 is divided by (8/20)/(8/1 - 256014/32010).
23
Let w = 22 - 1. Suppose -3*v + 2*v - 261 = 0. Let n = v - -302. Calculate the remainder when n is divided by w.
20
Suppose 0 = l - 151*f + 154*f - 132, 3*l = 3*f + 336. Calculate the remainder when 1394 is divided by l.
107
Suppose -2*y - 107 = -f + 5, -2*f - y = -239. What is the remainder when 564 is divided by f?
92
Let d be (-7 - -76)*(-1)/(-3). Let s(r) = 11 + 3*r + d + 3*r**2 - 12*r + 0*r. Calculate the remainder when s(9) is divided by 50.
46
Suppose -39*y = 18*y - 30609. Calculate the remainder when y is divided by 31.
10
Suppose -9*h = -283*h + 39915 + 3651. Calculate the remainder when 297 is divided by h.
138
Suppose 4134 = 4*u + 2*a, -22*u - 5*a + 2071 = -20*u. Calculate the remainder when u is divided by 266.
235
Let w be 30 - (12/(-4) + 4 - -4). Suppose 0*k - 375 = -w*k. What is the remainder when 103 is divided by k?
13
Suppose -23*o + 14*o + 783 = 0. Let j(f) = 84 + 3*f**2 - 2*f**3 + f**2 + f - o - f**2. What is the remainder when j(-4) is divided by 17?
16
Let o(m) = 14*m + 11. Let y(f) = -21*f - 18. Let z(s) = -8*o(s) - 5*y(s). What is the remainder when z(-9) is divided by 50?
15
Let c(q) be the first derivative of -11*q + 28 + q**3 + 1/2*q**2. What is the remainder when c(8) is divided by 48?
45
Suppose -5*o + 0*o + 84 - 64 = 0. Calculate the remainder when 4067 is divided by o.
3
Let x(z) = -25*z + 9 - 12*z - 6*z. Let r be (-1 + 3)/(-1) - (21 + -21). What is the remainder when x(r) is divided by 33?
29
Suppose -k - 2*s = -28, 4*k = 2*s - 0*s + 102. Calculate the remainder when (5/(-2))/(20/(-616)) is divided by k.
25
Let i(h) = h**3 + h**2 - h + 17. Let p be i(0). Let z = 21 - p. Suppose -z*u + 240 = -0*u. What is the remainder when u is divided by 18?
6
Let m(k) be the third derivative of 25*k**4/8 - k**3/3 + k**2. Let n be m(6). Suppose -2*r + 6*r = n. Calculate the remainder when r is divided by 23.
20
Let n = 61 - 58. Suppose -3*c + n*v = -495, -2*c + 165 + 147 = 4*v. What is the remainder when c is divided by 11?
8
Suppose -61*k = 223*k - 7952. Let l = -56 + 80. Calculate the remainder when k is divided by l.
4
Suppose 5*o - 37 = -4*m + 7, o - 3*m = 5. Suppose -n + 28 = -7*r, -4*n + 54 = -3*r - o. Let y(l) = -10*l - 4. What is the remainder when y(-3) is divided by n?
12
Suppose -b - 3*q - 3 = 0, 0*q - 7 = b + 4*q. Suppose 0 = 3*x - 276 - 150. What is the remainder when x is divided by b?
7
Let l = -121 + 129. Let v(w) = -14*w + 150. What is the remainder when 66 is divided by v(l)?
28
Suppose 0 = -1413*h + 1428*h - 300. Calculate the remainder when 5659 is divided by h.
19
Suppose -2*c + 1140 = 4*g, -1007 = 3*g + c - 1861. Calculate the remainder when g is divided by 133.
18
Let i(x) = 5*x**2 + 14*x - 1. Let r be i(-10). Let t = r + -348. Calculate the remainder when 197 is divided by t.
10
Let x(r) = r**2 - 22*r - 134. Let w = -349 - -376. Calculate the remainder when 22 is divided by x(w).
0
Suppose -5*u + 25 = -2*f, -14*f + 10*f = -5*u + 35. Suppose -u*d - 3*p + 228 = -0*p, 4*d - 5*p = 340. What is the remainder when 236 is divided by d?
76
Let d(k) = k**3 + 8*k**2 - k + 9. Let o be -1 - 3/(6/(-94)). Let l = 38 - o. Calculate the remainder when 83 is divided by d(l).
15
Let a(b) be the second derivative of -3*b**3/2 - 3*b**2 + 51*b - 2. What is the remainder when a(-4) is divided by 26?
4
Suppose 22*g - 5*g = 1071. Suppose -5*d - u = -6*u - 405, 5*u = 4*d - 328. Suppose -6*i + d + 1 = 0. What is the remainder when g is divided by i?
11
Suppose -11*o - 353 = -375. Suppose 0 = -o*p + 2*j + 228, -4*p + 68 + 361 = 5*j. What is the remainder when p is divided by 19?
16
Suppose -1797 - 163 = -49*x. Calculate the remainder when 720 is divided by x.
0
Suppose -7*b = -99 - 20. Let s be 4/24 + b/6. Suppose -7*i - 3*f = -s*i - 47, -i + 14 = 3*f. Calculate the remainder when 19 is divided by i.
8
Let b = -48 - -44. Let c(p) = p**2 + 26*p + 55. What is the remainder when 33 + 18/6 + b/1 is divided by c(-24)?
4
Let s(j) = j**3 - 6*j**2 + 4*j - 6. Let m be s(6). Let l(g) = -3*g + 3. Let u be l(m). Let c = 62 + u. Calculate the remainder when 20 is divided by c.
9
Let g = 2838 + -2703. What is the remainder when 5121 is divided by g?
126
Calculate the remainder when 760 is divided by ((-40)/(-14) - 2)/(50/7000).
40
Let b = -624 + 634. Let u = 21 + -3. What is the remainder when (48/b + -4)/((-2)/(-85)) is divided by u?
16
Let s(q) = 127*q + 522. What is the remainder when 1533 is divided by s(-4)?
7
Suppose 3*l + 15 = 0, 20*y + 191 = 24*y - 3*l. Calculate the remainder when 1671 is divided by y.
43
Suppose 0 = 4*k + 20*i - 25*i - 1500, 0 = 4*k - i - 1500. Calculate the remainder when k is divided by 29.
27
Let t(j) = j**3 + 10*j**2 - 42*j - 188. Calculate the remainder when 3149 is divided by t(-12).
13
Let f(m) = -18*m + 783. Calculate the remainder when 198 is divided by f(43).
0
Let i(w) = -11*w + 68. Let t be i(6). Let z(c) = -2*c**2 + 2. Let r be z(t). Let d(y) = -y**3 - 5*y**2 - 17. What is the remainder when 113 is divided by d(r)?
18
Let z(y) = y**3 - 5*y**2 + 6*y + 12. Suppose -46 = -12*d + 110. Calculate the remainder when z(5) is divided by d.
3
Suppose -3*b = -6*b + 4*m - 11, 2*m - 25 = -5*b. Suppose 0 = -3*y - 2*a - 8, -3*a - 15 + b = 0. What is the remainder when y + 526/8 - 1/(-4) is divided by 18?
12
Let s(h) = 1345*h - 1611. Calculate the remainder when s(8) is divided by 25.
24
Calculate the remainder when (-144)/(-1) - (6/(-48) + 235/(-40)) is divided by 4.
2
Suppose -5311 = -181*g + 12608. What is the remainder when 349 is divided by g?
52
Let f(x) = -101*x**3 + 2*x**2 + x. Suppose -25*p = 4*p - 435. Calculate the remainder when f(-1) is divided by p.
12
Let i = -1162 - -1500. Suppose 0 = 4*d, 7*d - 2*d = 2*o - 68. Calculate the remainder when i is divided by o.
32
Suppose 2 = d - 0. Suppose -2*c - d*c + 108 = 0. What is the remainder when c is divided by -1 + 2/((-2)/(-15))?
13
Let g(r) = r**2 + 6 - 17*r + 7*r**2 + 4*r**2. Let w be g(7). Suppose 0 = q - 4*t - 113, -3*t + t = -5*q + w. What is the remainder when q is divided by 25?
18
Let y = -4818 - -4882. Calculate the remainder when 378 is divided by y.
58
Suppose 114*b - 111*b + 612 = 0. Let k = -193 - b. Suppose -3*s = 4*y - 305, -2*y + 5*s + 142 = 3*s. Calculate the remainder when y is divided by k.
8
Suppose 62 = -7*r + 34. Let k = 9 - r. Let a(t) = 20*t**2 - 2*t - 2. Calcula